s the ten thousands digit of 38155?
3
What is the ten thousands digit of 38897?
3
What is the hundreds digit of 547?
5
What is the tens digit of 907?
0
What is the units digit of 4147?
7
What is the tens digit of 28841?
4
What is the units digit of 4610?
0
What is the hundreds digit of 5091?
0
What is the units digit of 3482?
2
What is the tens digit of 12706?
0
What is the hundreds digit of 7885?
8
What is the thousands digit of 27360?
7
What is the tens digit of 77392?
9
What is the tens digit of 3360?
6
What is the ten thousands digit of 14041?
1
What is the units digit of 556?
6
What is the tens digit of 1720?
2
What is the tens digit of 678?
7
What is the tens digit of 4249?
4
What is the units digit of 1445?
5
What is the hundreds digit of 9238?
2
What is the units digit of 95?
5
What is the tens digit of 158193?
9
What is the thousands digit of 10252?
0
What is the tens digit of 36832?
3
What is the hundreds digit of 602?
6
What is the tens digit of 33326?
2
What is the hundreds digit of 2039?
0
What is the tens digit of 1376?
7
What is the hundreds digit of 5799?
7
What is the tens digit of 2873?
7
What is the units digit of 88272?
2
What is the hundreds digit of 11556?
5
What is the tens digit of 576?
7
What is the hundreds digit of 19674?
6
What is the hundreds digit of 34589?
5
What is the tens digit of 9404?
0
What is the thousands digit of 6757?
6
What is the units digit of 408?
8
What is the units digit of 17?
7
What is the units digit of 1133?
3
What is the hundreds digit of 4475?
4
What is the hundreds digit of 421?
4
What is the tens digit of 957?
5
What is the tens digit of 46941?
4
What is the thousands digit of 51693?
1
What is the hundreds digit of 3431?
4
What is the tens digit of 1186?
8
What is the hundreds digit of 47795?
7
What is the hundreds digit of 249?
2
What is the hundreds digit of 196?
1
What is the units digit of 1030?
0
What is the tens digit of 372?
7
What is the tens digit of 34351?
5
What is the hundreds digit of 144?
1
What is the thousands digit of 1310?
1
What is the tens digit of 60297?
9
What is the thousands digit of 1092?
1
What is the thousands digit of 6931?
6
What is the hundreds digit of 1748?
7
What is the thousands digit of 5525?
5
What is the hundreds digit of 3671?
6
What is the units digit of 52728?
8
What is the units digit of 82?
2
What is the units digit of 821?
1
What is the units digit of 10523?
3
What is the hundreds digit of 33333?
3
What is the tens digit of 3163?
6
What is the hundreds digit of 53435?
4
What is the hundreds digit of 565?
5
What is the units digit of 4938?
8
What is the hundreds digit of 35063?
0
What is the hundreds digit of 317?
3
What is the tens digit of 126992?
9
What is the thousands digit of 1773?
1
What is the thousands digit of 1090?
1
What is the units digit of 36011?
1
What is the hundreds digit of 1554?
5
What is the units digit of 81600?
0
What is the tens digit of 94085?
8
What is the tens digit of 3111?
1
What is the hundreds digit of 3712?
7
What is the hundreds digit of 5994?
9
What is the units digit of 349?
9
What is the hundreds digit of 836?
8
What is the units digit of 113473?
3
What is the hundreds digit of 46156?
1
What is the thousands digit of 99620?
9
What is the hundreds digit of 13481?
4
What is the tens digit of 2560?
6
What is the thousands digit of 2837?
2
What is the tens digit of 1753?
5
What is the ten thousands digit of 52680?
5
What is the ten thousands digit of 15347?
1
What is the thousands digit of 2668?
2
What is the hundreds digit of 2390?
3
What is the tens digit of 2981?
8
What is the tens digit of 1454?
5
What is the tens digit of 13823?
2
What is the tens digit of 2935?
3
What is the thousands digit of 28593?
8
What is the units digit of 77017?
7
What is the hundreds digit of 10198?
1
What is the tens digit of 784?
8
What is the thousands digit of 5367?
5
What is the tens digit of 6334?
3
What is the units digit of 89677?
7
What is the units digit of 5276?
6
What is the units digit of 3748?
8
What is the ten thousands digit of 28875?
2
What is the tens digit of 20561?
6
What is the tens digit of 6545?
4
What is the tens digit of 295?
9
What is the units digit of 6183?
3
What is the hundreds digit of 1952?
9
What is the units digit of 4004?
4
What is the hundreds digit of 17917?
9
What is the tens digit of 2284?
8
What is the units digit of 19307?
7
What is the thousands digit of 1372?
1
What is the hundreds digit of 1295?
2
What is the hundreds digit of 2168?
1
What is the units digit of 1472?
2
What is the hundreds digit of 3784?
7
What is the tens digit of 58956?
5
What is the hundreds digit of 2089?
0
What is the hundreds digit of 10748?
7
What is the thousands digit of 4421?
4
What is the hundreds digit of 20097?
0
What is the tens digit of 5412?
1
What is the tens digit of 15530?
3
What is the thousands digit of 128731?
8
What is the hundreds digit of 14930?
9
What is the units digit of 3383?
3
What is the units digit of 380?
0
What is the ten thousands digit of 26756?
2
What is the hundreds digit of 40551?
5
What is the hundred thousands digit of 128473?
1
What is the hundreds digit of 22782?
7
What is the units digit of 1365?
5
What is the tens digit of 12688?
8
What is the thousands digit of 2001?
2
What is the thousands digit of 5509?
5
What is the units digit of 802?
2
What is the hundreds digit of 1073?
0
What is the tens digit of 646?
4
What is the tens digit of 926?
2
What is the hundreds digit of 74396?
3
What is the ten thousands digit of 40479?
4
What is the hundreds digit of 108302?
3
What is the hundreds digit of 125349?
3
What is the units digit of 939?
9
What is the ten thousands digit of 66322?
6
What is the thousands digit of 9035?
9
What is the hundreds digit of 33645?
6
What is the hundreds digit of 3253?
2
What is the hundreds digit of 8214?
2
What is the units digit of 297?
7
What is the units digit of 330?
0
What is the thousands digit of 1330?
1
What is the thousands digit of 1431?
1
What is the hundreds digit of 3593?
5
What is the hundreds digit of 3508?
5
What is the units digit of 837?
7
What is the tens digit of 10141?
4
What is the units digit of 3143?
3
What is the hundreds digit of 708?
7
What is the tens digit of 15799?
9
What is the units digit of 1117?
7
What is the ten thousands digit of 49171?
4
What is the hundreds digit of 1553?
5
What is the units digit of 107347?
7
What is the units digit of 54?
4
What is the hundreds digit of 17550?
5
What is the hundreds digit of 2613?
6
What is the units digit of 732?
2
What is the hundreds digit of 22568?
5
What is the thousands digit of 147764?
7
What is the tens digit of 497?
9
What is the thousands digit of 6981?
6
What is the units digit of 1664?
4
What is the units digit of 5511?
1
What is the units digit of 3339?
9
What is the hundreds digit of 10345?
3
What is the thousands digit of 42011?
2
What is the units digit of 29108?
8
What is the units digit of 763?
3
What is the units digit of 639?
9
What is the tens digit of 256?
5
What is the thousands digit of 1970?
1
What is the units digit of 372?
2
What is the tens digit of 2094?
9
What is the thousands digit of 28042?
8
What is the tens digit of 84750?
5
What is the hundred thousands digit of 133252?
1
What is the thousands digit of 8535?
8
What is the hundreds digit of 3603?
6
What is the hundreds digit of 171907?
9
What is the thousands digit of 1535?
1
What is the thousands digit of 81949?
1
What is the units digit of 73?
3
What is the tens digit of 4534?
3
What is the tens digit of 75461?
6
What is the thousands digit of 1040?
1
What is the tens digit of 869?
6
What is the units digit of 22019?
9
What is the units digit of 835?
5
What is the tens digit of 718?
1
What is the hundred thousands digit of 170910?
1
What is the hundreds digit of 2955?
9
What is the units digit of 312?
2
What is the units digit of 839?
9
What is the hundreds digit of 29472?
4
What is the thousands digit of 9094?
9
What is the hundreds digit of 42906?
9
What is the thousands digit of 1493?
1
What is the units digit of 752?
2
What is the thousands digit of 20849?
0
What is the hundreds digit of 1333?
3
What is the hundreds digit of 47515?
5
What is the units digit of 1735?
5
What is the thousands d